t are the prime factors of 976050?
2, 3, 5, 241
What are the prime factors of 1737443?
23, 75541
What are the prime factors of 433772?
2, 17, 6379
What are the prime factors of 482825?
5, 7, 31, 89
List the prime factors of 107463.
3, 113, 317
What are the prime factors of 1330062?
2, 3, 221677
List the prime factors of 7247202.
2, 3, 17, 227, 313
What are the prime factors of 6236059?
17, 23, 41, 389
List the prime factors of 23025855.
3, 5, 29, 43, 1231
List the prime factors of 159592.
2, 19949
What are the prime factors of 2873041?
2873041
What are the prime factors of 120660?
2, 3, 5, 2011
List the prime factors of 789944.
2, 19, 5197
What are the prime factors of 715907?
43, 16649
What are the prime factors of 33147866?
2, 31, 239, 2237
List the prime factors of 10624165.
5, 31, 68543
List the prime factors of 294717.
3, 31, 3169
List the prime factors of 3489035.
5, 11, 73, 79
What are the prime factors of 4659543?
3, 7, 73961
What are the prime factors of 10993861?
163, 67447
List the prime factors of 4832812.
2, 137, 8819
What are the prime factors of 16461292?
2, 331, 12433
What are the prime factors of 339560?
2, 5, 13, 653
What are the prime factors of 8199976?
2, 1024997
What are the prime factors of 1412676?
2, 3, 39241
List the prime factors of 2284426.
2, 17, 67189
List the prime factors of 220440.
2, 3, 5, 11, 167
What are the prime factors of 883193?
883193
List the prime factors of 3566750.
2, 5, 11, 1297
What are the prime factors of 2538879?
3, 7, 120899
List the prime factors of 134198.
2, 17, 3947
List the prime factors of 242354.
2, 7, 2473
List the prime factors of 1789343.
1789343
List the prime factors of 6190476.
2, 3, 515873
What are the prime factors of 1687585?
5, 337517
List the prime factors of 21925.
5, 877
What are the prime factors of 1415929?
1415929
List the prime factors of 4230710.
2, 5, 11, 38461
List the prime factors of 25556130.
2, 3, 5, 283957
What are the prime factors of 17682043?
17682043
List the prime factors of 196605.
3, 5, 17, 257
List the prime factors of 289596.
2, 3, 24133
What are the prime factors of 1161412?
2, 7, 41479
List the prime factors of 4821.
3, 1607
List the prime factors of 10009201.
101, 113, 877
What are the prime factors of 586741?
586741
What are the prime factors of 101142?
2, 3, 1873
List the prime factors of 473237.
53, 8929
List the prime factors of 11620401.
3, 13, 17, 1031
List the prime factors of 1788425.
5, 71537
List the prime factors of 2452691.
19, 129089
List the prime factors of 1879653.
3, 433, 1447
List the prime factors of 4701043.
571, 8233
List the prime factors of 239366.
2, 29, 4127
What are the prime factors of 725779?
149, 4871
List the prime factors of 62056.
2, 7757
List the prime factors of 983238.
2, 3, 37, 43, 103
What are the prime factors of 1052673?
3, 350891
List the prime factors of 288897.
3, 7, 13757
List the prime factors of 13130538.
2, 3, 53, 157, 263
List the prime factors of 19576948.
2, 1619, 3023
What are the prime factors of 147818?
2, 11, 6719
What are the prime factors of 4875941?
7, 151, 659
What are the prime factors of 67993?
67993
What are the prime factors of 23605050?
2, 3, 5, 7, 22481
List the prime factors of 5788257.
3, 41, 47059
What are the prime factors of 19018863?
3, 2113207
List the prime factors of 1306776.
2, 3, 54449
List the prime factors of 23951618.
2, 11975809
List the prime factors of 6324850.
2, 5, 7, 17, 1063
What are the prime factors of 410815?
5, 82163
What are the prime factors of 3061719?
3, 37799
List the prime factors of 5250561.
3, 127, 13781
List the prime factors of 2027515.
5, 7, 53, 1093
List the prime factors of 89835.
3, 5, 53, 113
List the prime factors of 826206.
2, 3, 23, 5987
What are the prime factors of 16165724?
2, 4041431
List the prime factors of 16911506.
2, 8455753
List the prime factors of 1411930.
2, 5, 13, 10861
What are the prime factors of 6349102?
2, 73, 43487
What are the prime factors of 55042?
2, 13, 29, 73
What are the prime factors of 474389?
474389
List the prime factors of 9137368.
2, 1142171
What are the prime factors of 12275531?
647, 18973
List the prime factors of 1118394.
2, 3, 139, 149
List the prime factors of 984556.
2, 47, 5237
What are the prime factors of 3302309?
233, 14173
List the prime factors of 5635607.
61, 92387
List the prime factors of 4390667.
4390667
What are the prime factors of 198221?
198221
What are the prime factors of 121497?
3, 40499
List the prime factors of 259971.
3, 193, 449
List the prime factors of 125047.
13, 9619
What are the prime factors of 5403293?
7, 771899
What are the prime factors of 7254325?
5, 13, 17, 101
What are the prime factors of 143484?
2, 3, 11, 1087
List the prime factors of 16030504.
2, 7, 29, 9871
What are the prime factors of 54487?
23, 103
List the prime factors of 101120.
2, 5, 79
List the prime factors of 938771.
19, 49409
List the prime factors of 1641503.
17, 223, 433
List the prime factors of 1094578.
2, 109, 5021
List the prime factors of 913438.
2, 59, 7741
What are the prime factors of 10469302?
2, 53, 283, 349
What are the prime factors of 4165030?
2, 5, 416503
What are the prime factors of 814786?
2, 7, 58199
What are the prime factors of 10996671?
3, 7, 17, 30803
List the prime factors of 16657205.
5, 19, 67, 2617
List the prime factors of 6012960.
2, 3, 5, 12527
List the prime factors of 407975.
5, 16319
List the prime factors of 283434.
2, 3, 97, 487
What are the prime factors of 1512859?
41, 36899
List the prime factors of 487046.
2, 7, 19, 1831
List the prime factors of 8004874.
2, 23, 174019
List the prime factors of 2755107.
3, 67, 1523
List the prime factors of 1086615.
3, 5, 2683
What are the prime factors of 491720?
2, 5, 19, 647
What are the prime factors of 1577911?
503, 3137
List the prime factors of 44422.
2, 7, 19, 167
What are the prime factors of 103762?
2, 29, 1789
List the prime factors of 20204286.
2, 3, 3367381
List the prime factors of 286837.
373, 769
What are the prime factors of 2290692?
2, 3, 190891
List the prime factors of 844465.
5, 168893
List the prime factors of 204373.
13, 79, 199
List the prime factors of 12665184.
2, 3, 7, 47, 401
List the prime factors of 1544534.
2, 71, 73, 149
What are the prime factors of 536699?
536699
What are the prime factors of 906343?
906343
What are the prime factors of 2281551?
3, 67, 11351
List the prime factors of 6942602.
2, 3471301
What are the prime factors of 263708?
2, 65927
List the prime factors of 12443899.
13, 43, 113, 197
List the prime factors of 307037.
17, 18061
List the prime factors of 77114.
2, 38557
What are the prime factors of 845454?
2, 3, 140909
What are the prime factors of 105901?
137, 773
List the prime factors of 502867.
37, 13591
List the prime factors of 20212005.
3, 5, 11, 122497
What are the prime factors of 31139?
31139
List the prime factors of 517629.
3, 7, 157
List the prime factors of 37172236.
2, 9293059
List the prime factors of 1785213.
3, 37, 1787
What are the prime factors of 3926605?
5, 785321
List the prime factors of 701696.
2, 2741
List the prime factors of 2719855.
5, 543971
List the prime factors of 739993.
17, 19, 29, 79
List the prime factors of 4117160.
2, 5, 102929
List the prime factors of 2351745.
3, 5, 11, 4751
List the prime factors of 47754.
2, 3, 7, 379
What are the prime factors of 3323076?
2, 3, 31, 8933
List the prime factors of 14924500.
2, 5, 19, 1571
What are the prime factors of 39168080?
2, 5, 7, 23, 3041
What are the prime factors of 250571?
127, 1973
List the prime factors of 13608772.
2, 17, 29, 67, 103
What are the prime factors of 251114?
2, 23, 53, 103
List the prime factors of 344723.
29, 11887
What are the prime factors of 2319406?
2, 19, 67, 911
List the prime factors of 10258406.
2, 241, 21283
What are the prime factors of 6586140?
2, 3, 5, 11, 17, 587
List the prime factors of 529015.
5, 31, 3413
What are the prime factors of 677609?
101, 6709
What are the prime factors of 758260?
2, 5, 31, 1223
List the prime factors of 5504431.
5504431
What are the prime factors of 26106298?
2, 13053149
List the prime factors of 1408526.
2, 7, 100609
What are the prime factors of 21693083?
101, 214783
List the prime factors of 4910517.
3, 181871
List the prime factors of